(base 6) in base 5?
4230
What is 12200102 (base 3) in base 4?
1000232
65e (base 15) to base 12
9bb
Convert -236 (base 11) to base 5.
-2111
What is -4487 (base 9) in base 2?
-110011110111
What is 24505 (base 8) in base 4?
2211011
What is 13049 (base 10) in base 15?
3cee
244 (base 14) to base 13
28a
-1db8 (base 16) to base 12
-44a0
113233 (base 4) to base 14
7a7
What is -1aa27 (base 11) in base 5?
-1413230
-2001 (base 6) to base 14
-22d
What is -200146 (base 7) in base 5?
-2034242
What is 11584 (base 9) in base 8?
17133
Convert -25142 (base 6) to base 12.
-21b2
-2a20 (base 14) to base 4
-1310310
What is -5c1 (base 16) in base 7?
-4203
Convert 16436 (base 7) to base 16.
124a
Convert 255504 (base 6) to base 10.
23296
378 (base 12) to base 5
4044
f2a (base 16) to base 7
14214
What is -240 (base 5) in base 12?
-5a
Convert 3597 (base 13) to base 4.
1312020
34576 (base 8) to base 5
432333
-444 (base 6) to base 10
-172
4876 (base 16) to base 3
221110001
Convert -32004 (base 5) to base 8.
-4121
Convert -727 (base 9) to base 12.
-414
What is -628 (base 10) in base 2?
-1001110100
22010202 (base 3) to base 4
1130231
-1301 (base 9) to base 12
-691
Convert -4512 (base 15) to base 8.
-34462
What is 7460 (base 10) in base 11?
5672
345 (base 15) to base 13
44c
What is 111010 (base 3) in base 13?
213
Convert -1443 (base 10) to base 12.
-a03
What is 242 (base 5) in base 16?
48
-11010101101010 (base 2) to base 15
-40b9
Convert 3da (base 15) to base 3.
1012121
Convert -4203 (base 6) to base 3.
-1021210
1211120220 (base 3) to base 13
135ba
36350 (base 7) to base 5
300233
What is -1680 (base 11) in base 12?
-12a9
-8d1a (base 16) to base 11
-25159
Convert 79 (base 13) to base 3.
10201
What is 2000 (base 11) in base 16?
a66
What is 560 (base 13) in base 9?
1235
What is -15b0 (base 15) in base 7?
-16413
Convert 139a6 (base 11) to base 14.
7331
What is -12870 (base 9) in base 11?
-6617
Convert 16313 (base 7) to base 2.
1001000001000
What is -2522 (base 11) in base 8?
-6333
-10211012 (base 3) to base 6
-20522
What is 44203 (base 5) in base 11?
2326
What is 51270 (base 8) in base 2?
101001010111000
What is -24401 (base 8) in base 11?
-7983
What is 33 (base 15) in base 5?
143
-1172 (base 10) to base 12
-818
Convert 40215 (base 6) to base 4.
1102103
What is -1259 (base 14) in base 16?
-c8f
Convert 778 (base 14) to base 4.
113012
What is 1370 (base 10) in base 9?
1782
9507 (base 12) to base 7
65314
What is -309a (base 12) in base 5?
-132202
-442 (base 13) to base 4
-23122
Convert -214414 (base 6) to base 15.
-5461
What is -10110000 (base 2) in base 5?
-1201
What is -4b77 (base 12) in base 14?
-31b5
-133 (base 11) to base 9
-184
Convert 41 (base 6) to base 10.
25
68879 (base 10) to base 4
100310033
1111101001010 (base 2) to base 15
2590
Convert 2331131 (base 4) to base 9.
17562
What is 1221222 (base 4) in base 7?
25500
Convert 5101 (base 6) to base 10.
1117
What is -1846 (base 9) in base 13?
-852
6240 (base 10) to base 5
144430
3201 (base 4) to base 12
169
What is -81a (base 11) in base 12?
-6a5
Convert -131066 (base 7) to base 15.
-736b
What is 23361 (base 11) in base 15?
9ec0
-1010100100101101 (base 2) to base 3
-2012102001
1517 (base 10) to base 7
4265
Convert -2376 (base 16) to base 11.
-6903
What is 1656 (base 8) in base 14?
4b4
-11124 (base 6) to base 15
-6e4
Convert 244 (base 15) to base 2.
1000000010
What is -152142 (base 6) in base 5?
-433000
Convert 857 (base 9) to base 12.
4a4
-4150 (base 8) to base 3
-2221201
101201222 (base 3) to base 15
24be
658 (base 10) to base 2
1010010010
What is -233 (base 6) in base 13?
-72
-697 (base 16) to base 2
-11010010111
25b9 (base 15) to base 7
32316
-112121 (base 3) to base 10
-394
What is -4073 (base 12) in base 11?
-5293
-62408 (base 9) to base 2
-1010000011000100
681 (base 15) to base 6
10451
Convert -13064 (base 7) to base 11.
-2680
Convert -33123 (base 6) to base 12.
-27a3
Convert -3446 (base 11) to base 2.
-1000110101111
Convert -7949 (base 11) to base 14.
-3b51
Convert -14314 (base 12) to base 7.
-144625
Convert 38488 (base 9) to base 10.
25919
Convert 10a62 (base 15) to base 10.
52967
What is 150 (base 6) in base 12?
56
7113 (base 8) to base 7
13445
What is 11001210 (base 3) in base 9?
4053
Convert 141a (base 14) to base 10.
3552
Convert 1001000000010110 (base 2) to base 5.
2140021
-4359 (base 14) to base 12
-68a3
20827 (base 14) to base 5
10002220
Convert 1002414 (base 5) to base 6.
202000
21760 (base 8) to base 14
34d2
What is 10670 (base 9) in base 12?
4146
What is 27552 (base 9) in base 14?
6b41
Convert 121222001 (base 3) to base 10.
12367
Convert -100111010111 (base 2) to base 10.
-2519
Convert 5949 (base 10) to base 14.
224d
What is -15114 (base 9) in base 12?
-5b64
What is -7398 (base 10) in base 8?
-16346
Convert 10113130 (base 4) to base 6.
214444
-1878 (base 10) to base 8
-3526
-1634 (base 16) to base 6
-42152
11021112 (base 3) to base 16
c2f
-1231103 (base 4) to base 6
-52215
-1739 (base 10) to base 4
-123023
4222 (base 5) to base 3
202211
21422 (base 5) to base 7
4223
Convert -117 (base 16) to base 4.
-10113
Convert -25b (base 16) to base 3.
-211100
Convert 1058 (base 9) to base 12.
552
What is 1566 (base 10) in base 11?
11a4
Convert 3301 (base 7) to base 8.
2231
What is -10310 (base 5) in base 7?
-2025
What is -3511 (base 10) in base 14?
-13cb
What is 7591 (base 14) in base 8?
47533
What is 1658 (base 9) in base 11?
a53
Convert -3658 (base 10) to base 5.
-104113
Convert 1a1 (base 14) to base 13.
1cc
Convert 41141 (base 5) to base 7.
10534
1080 (base 9) to base 15
386
Convert -715 (base 8) to base 12.
-325
Convert a9a (base 11) to base 13.
7a6
Convert -7d3 (base 14) to base 5.
-22212
What is -576 (base 9) in base 2?
-111011010
3628 (base 9) to base 10
2699
What is 20222 (base 9) in base 14?
4bc4
Convert -1cc (base 14) to base 10.
-376
Convert -140105 (base 7) to base 13.
-c07a
What is 211010220 (base 3) in base 15?
4bb3
Convert -5245 (base 11) to base 6.
-52054
What is 154a (base 11) in base 6?
13114
Convert 10021111 (base 3) to base 8.
4525
What is -350 (base 6) in base 16?
-8a
323320 (base 4) to base 7
14113
110100101111 (base 2) to base 3
11122000
12cd8 (base 16) to base 15
17c46
Convert 376 (base 8) to base 4.
3332
32321000 (base 4) to base 2
1110111001000000
What is -1ba5 (base 12) in base 6?
-23525
5411 (base 9) to base 16
f8b
-14040 (base 7) to base 15
-11d6
-acc (base 15) to base 2
-100110001010
Convert 3a9 (base 12) to base 10.
561
-978a (base 13) to base 8
-51116
-1301231 (base 4) to base 3
-100222112
What is -4343 (base 15) in base 6?
-145530
Convert 51 (base 13) to base 10.
66
3e8 (base 15) to base 12
625
-320323 (base 4) to base 2
-111000111011
-212201011 (base 3) to base 14
-6428
What is -c9 (base 14) in base 9?
-216
What is 9019 (base 14) in base 2?
110000010001111
Convert -104412 (base 6) to base 4.
-2021120
-7e5b (base 16) to base 10
-32347
-10600 (base 11) to base 3
-210002011
What is 269 (base 13) in base 2?
110101001
What is -2cba (base 14) in base 12?
-4770
What is 1dcf (base 16) in base 8?
16717
38c7 (base 16) to base 15
4490
Convert 60 (base 10) to base 7.
114
-1014 (base 13) to base 2
-100010100110
Convert 302 (base 8) to base 11.
167
-1052 (base 6) to base 13
-161
Convert -e5a (base 15) to base 4.
-302203
Convert -1004a (base 14) to base 11.
-26a04
Convert 13330 (base 4) to base 8.
774
What is 120314 (base 6) in base 3?
112101101
Convert 62b (base 15) to base 13.
830
2963 (base 12) to base 5
123302
What is 21313 (base 5) in base 6?
10430
What is -142e (base 15) in base 8?
-10337
What is 1b535 (base 14) in base 5?
4212002
What is 5424 (base 6) in base 11?
a28
756 (base 16) to base 11
1458
Convert -14c7 (base 15) to base 8.
-10556
What is 2c54 (base 13) in base 9?
8812
What is 46432 (base 7) in base 10?
11881
Convert 204303 (base 6) to base 14.
6047
Convert 2021210221 (base 3) to base 13.
17683
What is -6f6c (base 16) in base 4?
-12331230
What is -4351 (base 8) in base 15?
-a21
Convert -10a0 (base 12) to base 3.
-2112110
Convert 727a (base 14) to base 3.
1000000221
What is -730 (base 12) in base 10?
-1044
-1003 (base 11) to base 3
-1211102
What is 100011101 (base 2) in base 4?
10131
What is -17074 (base 8) in base 14?
-2b6c
11014 (base 5) to base 12
533
Convert 4915 (base 11) to base 